{"id":1237,"date":"2023-09-11T10:24:47","date_gmt":"2023-09-11T08:24:47","guid":{"rendered":"https:\/\/innowacjespoleczne.pl\/wymianna\/?page_id=1237"},"modified":"2023-09-20T11:47:27","modified_gmt":"2023-09-20T09:47:27","slug":"wytanczmy-stres-zatanczmy-radosc","status":"publish","type":"page","link":"https:\/\/innowacjespoleczne.pl\/wymianna\/edycja-4\/wytanczmy-stres-zatanczmy-radosc\/","title":{"rendered":"WYta\u0144czMY STRES ZAta\u0144czMY RADO\u015a\u0106"},"content":{"rendered":"","protected":false},"excerpt":{"rendered":"","protected":false},"author":15,"featured_media":0,"parent":132,"menu_order":0,"comment_status":"closed","ping_status":"closed","template":"templates\/template-session.php","meta":{"_acf_changed":false,"footnotes":""},"class_list":["post-1237","page","type-page","status-publish","hentry"],"acf":[],"yoast_head":"<!-- This site is optimized with the Yoast SEO plugin v26.0 - https:\/\/yoast.com\/wordpress\/plugins\/seo\/ -->\n<title>WYta\u0144czMY STRES ZAta\u0144czMY RADO\u015a\u0106 - wymIaNNa<\/title>\n<meta name=\"robots\" content=\"index, follow, max-snippet:-1, max-image-preview:large, max-video-preview:-1\" \/>\n<link rel=\"canonical\" href=\"https:\/\/innowacjespoleczne.pl\/wymianna\/edycja-4\/wytanczmy-stres-zatanczmy-radosc\/\" \/>\n<meta property=\"og:locale\" content=\"pl_PL\" \/>\n<meta property=\"og:type\" content=\"article\" \/>\n<meta property=\"og:title\" content=\"WYta\u0144czMY STRES ZAta\u0144czMY RADO\u015a\u0106 - wymIaNNa\" \/>\n<meta property=\"og:url\" content=\"https:\/\/innowacjespoleczne.pl\/wymianna\/edycja-4\/wytanczmy-stres-zatanczmy-radosc\/\" \/>\n<meta property=\"og:site_name\" content=\"wymIaNNa\" \/>\n<meta property=\"article:modified_time\" content=\"2023-09-20T09:47:27+00:00\" \/>\n<meta name=\"twitter:card\" content=\"summary_large_image\" \/>\n<script type=\"application\/ld+json\" class=\"yoast-schema-graph\">{\"@context\":\"https:\/\/schema.org\",\"@graph\":[{\"@type\":\"WebPage\",\"@id\":\"https:\/\/innowacjespoleczne.pl\/wymianna\/edycja-4\/wytanczmy-stres-zatanczmy-radosc\/\",\"url\":\"https:\/\/innowacjespoleczne.pl\/wymianna\/edycja-4\/wytanczmy-stres-zatanczmy-radosc\/\",\"name\":\"WYta\u0144czMY STRES ZAta\u0144czMY RADO\u015a\u0106 - wymIaNNa\",\"isPartOf\":{\"@id\":\"https:\/\/innowacjespoleczne.pl\/wymianna\/#website\"},\"datePublished\":\"2023-09-11T08:24:47+00:00\",\"dateModified\":\"2023-09-20T09:47:27+00:00\",\"breadcrumb\":{\"@id\":\"https:\/\/innowacjespoleczne.pl\/wymianna\/edycja-4\/wytanczmy-stres-zatanczmy-radosc\/#breadcrumb\"},\"inLanguage\":\"pl-PL\",\"potentialAction\":[{\"@type\":\"ReadAction\",\"target\":[\"https:\/\/innowacjespoleczne.pl\/wymianna\/edycja-4\/wytanczmy-stres-zatanczmy-radosc\/\"]}]},{\"@type\":\"BreadcrumbList\",\"@id\":\"https:\/\/innowacjespoleczne.pl\/wymianna\/edycja-4\/wytanczmy-stres-zatanczmy-radosc\/#breadcrumb\",\"itemListElement\":[{\"@type\":\"ListItem\",\"position\":1,\"name\":\"Strona g\u0142\u00f3wna\",\"item\":\"https:\/\/innowacjespoleczne.pl\/wymianna\/\"},{\"@type\":\"ListItem\",\"position\":2,\"name\":\"Edycja 4\",\"item\":\"https:\/\/innowacjespoleczne.pl\/wymianna\/edycja-4\/\"},{\"@type\":\"ListItem\",\"position\":3,\"name\":\"WYta\u0144czMY STRES ZAta\u0144czMY RADO\u015a\u0106\"}]},{\"@type\":\"WebSite\",\"@id\":\"https:\/\/innowacjespoleczne.pl\/wymianna\/#website\",\"url\":\"https:\/\/innowacjespoleczne.pl\/wymianna\/\",\"name\":\"wymIaNNa\",\"description\":\"\",\"potentialAction\":[{\"@type\":\"SearchAction\",\"target\":{\"@type\":\"EntryPoint\",\"urlTemplate\":\"https:\/\/innowacjespoleczne.pl\/wymianna\/?s={search_term_string}\"},\"query-input\":{\"@type\":\"PropertyValueSpecification\",\"valueRequired\":true,\"valueName\":\"search_term_string\"}}],\"inLanguage\":\"pl-PL\"}]}<\/script>\n<!-- \/ Yoast SEO plugin. -->","yoast_head_json":{"title":"WYta\u0144czMY STRES ZAta\u0144czMY RADO\u015a\u0106 - wymIaNNa","robots":{"index":"index","follow":"follow","max-snippet":"max-snippet:-1","max-image-preview":"max-image-preview:large","max-video-preview":"max-video-preview:-1"},"canonical":"https:\/\/innowacjespoleczne.pl\/wymianna\/edycja-4\/wytanczmy-stres-zatanczmy-radosc\/","og_locale":"pl_PL","og_type":"article","og_title":"WYta\u0144czMY STRES ZAta\u0144czMY RADO\u015a\u0106 - wymIaNNa","og_url":"https:\/\/innowacjespoleczne.pl\/wymianna\/edycja-4\/wytanczmy-stres-zatanczmy-radosc\/","og_site_name":"wymIaNNa","article_modified_time":"2023-09-20T09:47:27+00:00","twitter_card":"summary_large_image","schema":{"@context":"https:\/\/schema.org","@graph":[{"@type":"WebPage","@id":"https:\/\/innowacjespoleczne.pl\/wymianna\/edycja-4\/wytanczmy-stres-zatanczmy-radosc\/","url":"https:\/\/innowacjespoleczne.pl\/wymianna\/edycja-4\/wytanczmy-stres-zatanczmy-radosc\/","name":"WYta\u0144czMY STRES ZAta\u0144czMY RADO\u015a\u0106 - wymIaNNa","isPartOf":{"@id":"https:\/\/innowacjespoleczne.pl\/wymianna\/#website"},"datePublished":"2023-09-11T08:24:47+00:00","dateModified":"2023-09-20T09:47:27+00:00","breadcrumb":{"@id":"https:\/\/innowacjespoleczne.pl\/wymianna\/edycja-4\/wytanczmy-stres-zatanczmy-radosc\/#breadcrumb"},"inLanguage":"pl-PL","potentialAction":[{"@type":"ReadAction","target":["https:\/\/innowacjespoleczne.pl\/wymianna\/edycja-4\/wytanczmy-stres-zatanczmy-radosc\/"]}]},{"@type":"BreadcrumbList","@id":"https:\/\/innowacjespoleczne.pl\/wymianna\/edycja-4\/wytanczmy-stres-zatanczmy-radosc\/#breadcrumb","itemListElement":[{"@type":"ListItem","position":1,"name":"Strona g\u0142\u00f3wna","item":"https:\/\/innowacjespoleczne.pl\/wymianna\/"},{"@type":"ListItem","position":2,"name":"Edycja 4","item":"https:\/\/innowacjespoleczne.pl\/wymianna\/edycja-4\/"},{"@type":"ListItem","position":3,"name":"WYta\u0144czMY STRES ZAta\u0144czMY RADO\u015a\u0106"}]},{"@type":"WebSite","@id":"https:\/\/innowacjespoleczne.pl\/wymianna\/#website","url":"https:\/\/innowacjespoleczne.pl\/wymianna\/","name":"wymIaNNa","description":"","potentialAction":[{"@type":"SearchAction","target":{"@type":"EntryPoint","urlTemplate":"https:\/\/innowacjespoleczne.pl\/wymianna\/?s={search_term_string}"},"query-input":{"@type":"PropertyValueSpecification","valueRequired":true,"valueName":"search_term_string"}}],"inLanguage":"pl-PL"}]}},"_links":{"self":[{"href":"https:\/\/innowacjespoleczne.pl\/wymianna\/wp-json\/wp\/v2\/pages\/1237","targetHints":{"allow":["GET"]}}],"collection":[{"href":"https:\/\/innowacjespoleczne.pl\/wymianna\/wp-json\/wp\/v2\/pages"}],"about":[{"href":"https:\/\/innowacjespoleczne.pl\/wymianna\/wp-json\/wp\/v2\/types\/page"}],"author":[{"embeddable":true,"href":"https:\/\/innowacjespoleczne.pl\/wymianna\/wp-json\/wp\/v2\/users\/15"}],"replies":[{"embeddable":true,"href":"https:\/\/innowacjespoleczne.pl\/wymianna\/wp-json\/wp\/v2\/comments?post=1237"}],"version-history":[{"count":3,"href":"https:\/\/innowacjespoleczne.pl\/wymianna\/wp-json\/wp\/v2\/pages\/1237\/revisions"}],"predecessor-version":[{"id":1628,"href":"https:\/\/innowacjespoleczne.pl\/wymianna\/wp-json\/wp\/v2\/pages\/1237\/revisions\/1628"}],"up":[{"embeddable":true,"href":"https:\/\/innowacjespoleczne.pl\/wymianna\/wp-json\/wp\/v2\/pages\/132"}],"wp:attachment":[{"href":"https:\/\/innowacjespoleczne.pl\/wymianna\/wp-json\/wp\/v2\/media?parent=1237"}],"curies":[{"name":"wp","href":"https:\/\/api.w.org\/{rel}","templated":true}]}}